{"id":1826,"date":"2014-09-06T15:16:56","date_gmt":"2014-09-06T15:16:56","guid":{"rendered":"http:\/\/baptist.org.md\/ro\/?page_id=1826"},"modified":"2017-03-26T20:56:53","modified_gmt":"2017-03-26T17:56:53","slug":"stafeta-rugaciune","status":"publish","type":"page","link":"https:\/\/baptist.org.md\/ro\/?page_id=1826","title":{"rendered":"\u015etafeta Rug\u0103ciunii"},"content":{"rendered":"<h2 style=\"text-align: center;\"><b>12 martie\u00a02017<\/b><\/h2>\n<p style=\"text-align: center;\"><strong>ANUL &#8220;Unit\u0103\u0163ii &#8220;<\/strong><\/p>\n<p style=\"text-align: center;\"><b><span style=\"color: #ff0000;\">Ziua Na\u021bional\u0103 de Rug\u0103ciune\u00a0pentru\u00a0Coreea de Nord<\/span><\/b><\/p>\n<p style=\"text-align: justify;\">\u00cen cea de-a doua duminic\u0103 a lunii aprilie\u00a0Bisericile din Comunitatea Baptist\u0103 se unesc \u00een lan\u0163 de rug\u0103ciune pentru Coreea de Nord, o \u0163ar\u0103 comunist\u0103, foarte \u00eenchis\u0103, cu 25 de milioane de locuitori. Cre\u015ftinii sunt obiectul persecu\u0163iei permanent. Bibliile sunt introduse ilegal \u00een \u0163ar\u0103. V\u0103 chem\u0103m al\u0103turi de noi s\u0103 mijloci\u0163i pentru:<\/p>\n<p><strong>Motive de rug\u0103ciune:<\/strong><\/p>\n<ul style=\"color: #444444;\">\n<li style=\"font-weight: inherit; font-style: inherit;\">Pentru libertatea predic\u0103rii Evangheliei (u\u0219i deschise)<\/li>\n<li style=\"font-weight: inherit; font-style: inherit;\">Pentru\u00a0protec\u0163ia cre\u015ftinilor \u015fi \u00eent\u0103rirea celor \u00eenchi\u015fi \u00een lag\u0103re de concentrare<\/li>\n<li style=\"font-weight: inherit; font-style: inherit;\">Pentru c\u0103derea regimului comunist \u00een Coreea de Nord<\/li>\n<\/ul>\n","protected":false},"excerpt":{"rendered":"<p>12 martie\u00a02017 ANUL &#8220;Unit\u0103\u0163ii &#8220; Ziua Na\u021bional\u0103 de Rug\u0103ciune\u00a0pentru\u00a0Coreea de Nord \u00cen cea de-a doua duminic\u0103 a lunii aprilie\u00a0Bisericile din Comunitatea Baptist\u0103 se unesc \u00een lan\u0163 de rug\u0103ciune pentru Coreea de Nord, o \u0163ar\u0103&#46;&#46;&#46;<\/p>\n","protected":false},"author":2,"featured_media":0,"parent":0,"menu_order":0,"comment_status":"closed","ping_status":"closed","template":"","meta":{"footnotes":""},"class_list":["post-1826","page","type-page","status-publish","hentry"],"_links":{"self":[{"href":"https:\/\/baptist.org.md\/ro\/index.php?rest_route=\/wp\/v2\/pages\/1826","targetHints":{"allow":["GET"]}}],"collection":[{"href":"https:\/\/baptist.org.md\/ro\/index.php?rest_route=\/wp\/v2\/pages"}],"about":[{"href":"https:\/\/baptist.org.md\/ro\/index.php?rest_route=\/wp\/v2\/types\/page"}],"author":[{"embeddable":true,"href":"https:\/\/baptist.org.md\/ro\/index.php?rest_route=\/wp\/v2\/users\/2"}],"replies":[{"embeddable":true,"href":"https:\/\/baptist.org.md\/ro\/index.php?rest_route=%2Fwp%2Fv2%2Fcomments&post=1826"}],"version-history":[{"count":63,"href":"https:\/\/baptist.org.md\/ro\/index.php?rest_route=\/wp\/v2\/pages\/1826\/revisions"}],"predecessor-version":[{"id":13867,"href":"https:\/\/baptist.org.md\/ro\/index.php?rest_route=\/wp\/v2\/pages\/1826\/revisions\/13867"}],"wp:attachment":[{"href":"https:\/\/baptist.org.md\/ro\/index.php?rest_route=%2Fwp%2Fv2%2Fmedia&parent=1826"}],"curies":[{"name":"wp","href":"https:\/\/api.w.org\/{rel}","templated":true}]}}

Ştafeta Rugăciunii

<h2 style="text-align: center;"><b>12 martie 2017</b></h2>
<p style="text-align: center;"><strong>ANUL &#8220;Unităţii &#8220;</strong></p>
<p style="text-align: center;"><b><span style="color: #ff0000;">Ziua Națională de Rugăciune pentru Coreea de Nord</span></b></p>
<p style="text-align: justify;">În cea de-a doua duminică a lunii aprilie Bisericile din Comunitatea Baptistă se unesc în lanţ de rugăciune pentru Coreea de Nord, o ţară comunistă, foarte închisă, cu 25 de milioane de locuitori. Creştinii sunt obiectul persecuţiei permanent. Bibliile sunt introduse ilegal în ţară. Vă chemăm alături de noi să mijlociţi pentru:</p>
<p><strong>Motive de rugăciune:</strong></p>
<ul style="color: #444444;">
<li style="font-weight: inherit; font-style: inherit;">Pentru libertatea predicării Evangheliei (uși deschise)</li>
<li style="font-weight: inherit; font-style: inherit;">Pentru protecţia creştinilor şi întărirea celor închişi în lagăre de concentrare</li>
<li style="font-weight: inherit; font-style: inherit;">Pentru căderea regimului comunist în Coreea de Nord</li>
</ul>

<p>12 martie 2017 ANUL &#8220;Unităţii &#8220; Ziua Națională de Rugăciune pentru Coreea de Nord În cea de-a doua duminică a lunii aprilie Bisericile din Comunitatea Baptistă se unesc în lanţ de rugăciune pentru Coreea de Nord, o ţară&#46;&#46;&#46;</p>
